 = l - 5*x + 13. Let s(j) = -j**3 - 2*j**2 + 3*j + 6. What is s(l)?
6
Suppose 3*k = 2*h - 18, 2*k + 1 = -3*h + 2. Let d(w) = -w + 4. Let c(z) = -2*z + 8. Let m(i) = h*c(i) - 5*d(i). Calculate m(-5).
9
Let d(i) = -3*i - 11. Let o(w) = -16*w - 55. Let n(g) = 11*d(g) - 2*o(g). Calculate n(-6).
-5
Let c(n) be the third derivative of -n**6/720 - n**5/20 - 7*n**4/4 - 24*n**2. Let t(g) be the second derivative of c(g). Calculate t(6).
-12
Let v(n) = -5*n**2 + 10*n - 2. Let p(h) = 4*h**2 - 9*h + 2. Let i = -24 + 29. Let s(t) = i*v(t) + 6*p(t). Determine s(-5).
-3
Let g(f) = -336*f - 64. Let a(w) = 16*w + 3. Let s(l) = 64*a(l) + 3*g(l). Determine s(-1).
-16
Let d(a) = -3*a + 10*a**2 + 0*a**2 + 3 - 4*a**2 - 5*a**2. Let r be d(4). Let q(v) = 6 + v - v - v**3 + 2*v**2 - r. What is q(2)?
-1
Let p(j) = j + 31. Let r be p(-11). Let v be (3/2 - 3 - -2)*r. Let q(m) = m**2 - 9*m - 9. Determine q(v).
1
Let d(a) = 2*a + 1. Let y = -251 - -249. Determine d(y).
-3
Let m(v) = 9 + 883*v**3 - 443*v**3 - 441*v**3 + v**2. Determine m(0).
9
Let u = -9 + 24. Let q(a) = -3*a**3 + 12*a + 2*a**3 - u - 13*a. Calculate q(0).
-15
Let f(x) = x**2 + x - 6. Suppose -6*o = 37 + 17. Let a(g) = 5 + 4*g - 3*g + 4. Let z be a(o). Determine f(z).
-6
Let o(u) = -16*u - 13. Let q(d) = -63*d - 46. Let b(t) = 11*o(t) - 3*q(t). Give b(-2).
-31
Suppose 5*g = 5*z + 5, 4*g + 0*g = z + 1. Suppose -f + 14 - 5 = g. Let p(d) = 2*d - 8. What is p(f)?
10
Let n(i) be the third derivative of i**9/20160 + i**8/10080 + i**7/5040 + i**5/30 - 2*i**2. Let a(t) be the third derivative of n(t). What is a(-1)?
-2
Let v = 771 - 761. Let w(t) = 6*t - 55. What is w(v)?
5
Let i(v) = -2*v**2 - 50157*v**3 + 3 + 50153*v**3 - 4 - v. Give i(2).
-43
Suppose -9 = 3*m - l + 4*l, -3*l = 5*m + 5. Let t(d) = -m*d - 191 + d + 185. What is t(-4)?
-2
Let t(x) be the first derivative of -x**5/20 + 5*x**4/12 + 7*x**3/6 + 3*x**2 + 9*x + 20. Let n(d) be the first derivative of t(d). Calculate n(6).
12
Let u(a) = -a**2 + 4*a - 3*a - 7*a. Let s = 2158 - 2165. Give u(s).
-7
Let u = -58 - -58. Let k(x) = -x**3 - x**2 + x + 8. What is k(u)?
8
Suppose z = 31 - 32. Let p be (-5)/(z + (-8)/(-4)). Let g(a) = -8 + 12 + a - 2*a. What is g(p)?
9
Let i(k) = -2*k - k + 0*k + 8. Let w = 689 - 683. What is i(w)?
-10
Let x(h) = -h**3 - 5*h**2 - 6*h - 3. Let a be (-1)/(45/20 - 2). Give x(a).
5
Let r be 30/((1 - -3) + (-60)/24). Let s be ((-4)/(-6))/((-6)/(-45)). Suppose 3*i - 20 = s*b, r = i + 3*i - 5*b. Let h(u) = -u + 1. What is h(i)?
1
Let d(a) be the first derivative of -a**2/2 + 3*a + 1. Suppose -59 + 115 = 7*v. Determine d(v).
-5
Let w = 229 - 225. Let u(j) be the third derivative of -j**2 + 1/24*j**w - 1/2*j**3 + 0 + 0*j. Determine u(-6).
-9
Let g = -17 + 19. Let d(n) = n**2 - 4*n + 3. Let l(o) = o**2. Let w(u) = g*l(u) - d(u). Let k = -9 + 5. Calculate w(k).
-3
Suppose -j + 6 = 2*b + 8, 0 = 5*b + j + 11. Let n(u) = -3*u**2 - 2 - u**3 + 0 - 2*u + 0. Give n(b).
4
Let c(w) be the second derivative of -w**5/20 - 2*w**4/3 + 3*w**3/2 - 3*w**2 + 588*w. What is c(-9)?
-6
Let v(m) = -3*m**3 - 3*m**2 - 4*m - 2. Let k = -2 + 5. Suppose n - 4 = k*n. Give v(n).
18
Let o = 49 - 49. Let d(m) = 2*m + o*m - 4*m + 0*m + 1. Calculate d(-5).
11
Let b(r) = -r**2 - 3*r - 6. Let z(l) = -2*l - 1. Let y(w) = b(w) + 2*z(w). What is y(-6)?
-2
Let t(i) = -16*i + 47. Let q(b) = b - 9. Let j(g) = 6*q(g) + t(g). Determine j(-2).
13
Suppose -6*m + 349 = -599. Let x = -158 + m. Let l(v) = -2 - 5 - v + 1. Determine l(x).
-6
Suppose 46*b - 41*b = 35. Let d(p) = p**2 - 5*p + 1. Calculate d(b).
15
Let b(o) = 670 + 3*o - 670 - 2*o. Let d(g) = g**3 - 12*g**2 - g + 16. Let h be d(12). Determine b(h).
4
Let x be (-1)/(-1 + (-4)/(-3)). Let a be (x - 0)/((-2)/6). Let c(k) = -k**2 + 6*k + a*k**2 + k**3 - k**2 + k. What is c(-6)?
-6
Let a(u) = -u**2 + 8*u - 8. Suppose -18 = -4*c - 2. Let b be 2/(-4*c/(-48)). Calculate a(b).
4
Let d(n) = n**2 - 4*n - 5. Let i(w) = 2*w + 27. Let h = -24 - -35. Let p be 1/((6/h)/(-6)). Let u be i(p). Determine d(u).
0
Let p = -4 + 17/4. Let a(q) be the third derivative of -5*q**2 + p*q**4 + 1/6*q**3 + 0 + 0*q. What is a(-2)?
-11
Suppose z - 21 = -3*z - 5*a, a = 2*z - 7. Let v(l) be the first derivative of -l**2/2 + l - 5. Determine v(z).
-3
Let z(g) = -4*g**2 + 7 + 3*g**2 + 6482*g - 6480*g. What is z(0)?
7
Let i(b) = 4*b + 8. Let g = 124 - 126. Let o be i(g). Let p(h) be the third derivative of -h**5/60 + 7*h**3/6 + h**2. What is p(o)?
7
Let v(y) = y**3 + 5*y**2 - y - 2. Let d be -3*1*8/(-12). Suppose 0 = -4*i + 5*p - 77, -p + 93 = -5*i + d*p. Let o = i - -13. Determine v(o).
3
Suppose -j - 2*m - 2 = 5, j = 4*m - 13. Let h(i) = 22392*i**2 + 11*i + 1 - 22382*i**2 + i**3 + 7. Determine h(j).
-10
Let r(a) = -a**2 - 3*a - 2. Suppose -k = -13 + 10. Suppose -k*g - 2*g = 5, -2*g = 2*f + 8. What is r(f)?
-2
Let o(y) be the first derivative of 20 - 1/2*y**2 - 2*y. What is o(-5)?
3
Suppose 10 = -4*q + 58. Let l(g) = -g + 19. What is l(q)?
7
Let b = -8 + 7. Let k = 8 - 6. Let i(w) = 0*w**2 - w**k + 2*w - 4*w - 1. Give i(b).
0
Let c be ((-5)/(-3))/((-1)/(-9)). Suppose -c = 3*d - 3*l, 4*d = l - 1 - 13. Let b(w) = -w**2 - 1 + 0*w - 2*w + 0*w**2. Calculate b(d).
-4
Suppose 0 + 16 = 3*y - 2*v, 4*y + v - 3 = 0. Let r = -1 + y. Let z(m) = 1 + m + 2 + 1 - r. What is z(-5)?
-2
Let k(s) be the first derivative of 3*s**2/2 + 22*s - 97. Give k(-9).
-5
Let k(n) be the third derivative of -n**7/5040 - n**5/4 - 3*n**2. Let y(s) be the third derivative of k(s). Calculate y(5).
-5
Let b(w) = 12*w**2 + 2*w + 17 + 9*w - 13 + w**3. What is b(-11)?
4
Let d(q) be the second derivative of -q**5/20 + q**4/3 + q**3/6 + q**2/2 - 13*q. Suppose p + 3 = 0, -2*r = -5*p + 3*p - 14. Calculate d(r).
5
Let w(g) be the second derivative of -g**3/6 - 3*g**2 + 2*g - 69. Calculate w(-7).
1
Let d(j) = 4 + 0 - 1 - 11*j + 4 + j**2 + 16*j. What is d(-5)?
7
Let a(b) = 6*b**2 + 4. Let x(q) = 8*q**2 - q + 5. Let d(p) = 3*a(p) - 2*x(p). What is d(-2)?
6
Let n = 0 + 4. Let f(b) = -3*b + n*b - 3*b. Suppose -11*d = -7 - 15. What is f(d)?
-4
Let v(u) = -3*u**2 + 33*u - 83. Let h be v(7). Let n(l) = -11*l**2 - l + 1. Calculate n(h).
-11
Let g(p) = -7*p + 353. Let k be g(50). Let h(l) be the second derivative of 9*l - 5/6*l**k + 0 - 3*l**2 + 1/12*l**4. Determine h(7).
8
Suppose 0 = -2*l + 5 + 1. Let b(r) = -r - r + l*r. Suppose 4*s - 3 = -o, 0 = 3*o - 10*s + 15*s + 5. What is b(o)?
-5
Suppose 0 = 48*h - 20*h - 280. Let r(x) = x**3 - 11*x**2 + 10*x - 1. Determine r(h).
-1
Let q(x) = -x**3 + 5*x**2 - 2*x - 4. Let o be 5/2*7*12/70. Give q(o).
8
Suppose -35*h - 127 = 13. Let g(r) = 5*r - 1. Determine g(h).
-21
Let b(d) = -d**2 - 2*d + 14. Let r(g) = -4*g. Let s(w) = b(w) - 4*r(w). Give s(14).
14
Let f = 713/2 - 356. Let u(i) be the third derivative of 0 - f*i**3 - 6*i**2 - 1/6*i**4 + 0*i. What is u(-3)?
9
Suppose 4*t - 135 = -4*j - 7, 3*j = 4*t - 107. Suppose f + 2*i = -4*f + t, f = -i + 7. Let c(q) = 6*q**2 - q**3 - 5*q**2 - f*q**2 + 3. Determine c(-4).
3
Let i(o) = 8. Let w be -4*((-10)/(-8) + -3). Let j(d) = -d + 25. Let k(l) = w*i(l) - 2*j(l). Calculate k(-4).
-2
Let p(z) = 6*z - 5. Let a(b) = -13*b + 10. Let l(i) = 2*a(i) + 5*p(i). Suppose -48 = m - 57. Let q be 63/m + (-3 - -1). Give l(q).
15
Let a(d) = 5 + 5*d + d + 3*d + 4*d - 14*d. Determine a(-8).
13
Let w(s) be the first derivative of 5*s**2/2 + 5*s + 185. Give w(-9).
-40
Let s(k) = 1 + 46*k**2 - 2 - 48*k**2 + 2 - 8 + 13*k. What is s(6)?
-1
Let x(k) = -14*k - 4. Let b(j) = -75*j - 44. Let n(a) = -37*a - 23. Let q(v) = -6*b(v) + 11*n(v). Let i(t) = -3*q(t) - 8*x(t). Calculate i(1).
-18
Let t(a) = -4*a**2 - 2*a - a**3 + 4*a + 0 + 5. Let z be (-12)/(-8)*(-16)/6. What is t(z)?
-3
Let p be 4/22 - (-228)/(-44). Let r(t) = -2*t - 8. Let o(y) = -1. Let w(l) = 14*o(l) - 2*r(l). Determine w(p).
-18
Let f(w) = w**3 + 7*w**2 + 4*w - 2. Let a = 65 + -63. Suppose -l = a, -d + 1 - 5 = -l. Calculate f(d).
10
Let c(o) be the first derivative of o**3/6 - o**2/2 - 8*o + 3. Let x(l) be the first derivative of c(l). What is x(-6)?
-7
Let s(q) be the first derivative of 37 + 1/3*q**3 + 4*q + 2*q**2. Give s(-4).
4
Let y(t) = 3*t - 2 - 431*t**2 + 429*t**2 + 3 - 4. Let g(k) = 2*k**2 + k - 1. Let z be g(1). Calculate y(z).
-5
Let i(y) be the second derivative of y**4/6 + y**3/6 - 